53
In base 16, what is -3 + -339a85?
-339a88
In base 6, what is 114522 - 5330?
105152
In base 10, what is 61 - -1371673?
1371734
In base 14, what is -962978 + -3?
-96297b
In base 12, what is -1b + 338b37?
338b18
In base 12, what is 42b + -23b308?
-23aa99
In base 9, what is -4111605 - 13?
-4111618
In base 6, what is -4335 + 204155?
155420
In base 3, what is -222 + 122101112200?
122101111201
In base 13, what is 7 + -25a142?
-25a138
In base 13, what is 1 - -578c4639?
578c463a
In base 11, what is 3 + 547329?
547331
In base 4, what is -11201 + 10030203?
10013002
In base 15, what is 1 - -363dbc?
363dbd
In base 16, what is 924c - -9?
9255
In base 8, what is -3443454 + 411?
-3443043
In base 7, what is 3 + -11042035265?
-11042035262
In base 6, what is 144253 - 2243?
142010
In base 14, what is -58b8 - a39?
-6513
In base 3, what is 102110 - -1122221?
2002101
In base 15, what is 0 - 1ac52?
-1ac52
In base 12, what is 2a384a + 6?
2a3854
In base 14, what is c04c6a - -3?
c04c6d
In base 8, what is -114 - 6550723?
-6551037
In base 12, what is -1973567 - 2?
-1973569
In base 5, what is -10 + 1013013123?
1013013113
In base 13, what is 58c13c + -132?
58c00a
In base 10, what is -228869 - -4601?
-224268
In base 15, what is 3b6714 - -c0?
3b67d4
In base 4, what is 21031 - 123022?
-101331
In base 15, what is -45 - 710?
-755
In base 10, what is 166 - 93071?
-92905
In base 7, what is 41631 - -11246?
53210
In base 6, what is -221424021 + 14?
-221424003
In base 6, what is -113115303 - 25?
-113115332
In base 11, what is -5 - 1626672?
-1626677
In base 3, what is 210212 + -20211000210?
-20210012221
In base 16, what is -3 - 9b0636?
-9b0639
In base 12, what is -769 + -1163?
-1910
In base 9, what is 401274326 - -3?
401274330
In base 7, what is -332403560 - 32?
-332403622
In base 4, what is 11030233220 + 22?
11030233302
In base 14, what is 4586c + -14?
45858
In base 14, what is -170c25 - 6?
-170c2b
In base 15, what is -c54337 - -7?
-c54330
In base 9, what is -4 + 537283621?
537283616
In base 16, what is e + -21d3?
-21c5
In base 16, what is 36 - -5b?
91
In base 6, what is -1514515 + 12034?
-1502441
In base 8, what is 2 + 61060316?
61060320
In base 7, what is 332 - -341535?
342200
In base 10, what is -3287 - -275289?
272002
In base 6, what is -342 - -1401000?
1400214
In base 8, what is -2076 - -703006?
700710
In base 14, what is -92 - 69cd?
-6a81
In base 16, what is -3a5 + -44727?
-44acc
In base 8, what is -3736000630 + -5?
-3736000635
In base 6, what is 3354031 + -30?
3354001
In base 10, what is -379 + -13477?
-13856
In base 4, what is 10 - 30301123331023?
-30301123331013
In base 3, what is -2100102102200 - -1?
-2100102102122
In base 8, what is -2701250 - -246?
-2701002
In base 10, what is -1 - 7554022?
-7554023
In base 11, what is 7336722 + -2?
7336720
In base 10, what is -166005 + -1022?
-167027
In base 14, what is 14 + -15d85b?
-15d847
In base 16, what is 1d0a0eb - 4?
1d0a0e7
In base 14, what is -80b8780 - 1?
-80b8781
In base 4, what is -2232212122223 - -122?
-2232212122101
In base 11, what is 221843a4 - -5?
221843a9
In base 11, what is 3 - -4212681?
4212684
In base 13, what is 2 - -80aa83?
80aa85
In base 12, what is -969 - 3920?
-4689
In base 10, what is -2 + 12840841?
12840839
In base 15, what is 19464 + 71?
194d5
In base 10, what is 53349317 + 0?
53349317
In base 5, what is 32014 + -304004?
-221440
In base 7, what is -5 + -34051224?
-34051232
In base 15, what is e41 + -486b?
-392a
In base 9, what is 513744 - 87?
513646
In base 16, what is 22 - -2ec869?
2ec88b
In base 3, what is -20011000102020 - 12?
-20011000102102
In base 15, what is -41ce - -23a9?
-1d25
In base 11, what is 544837 - -15?
544851
In base 5, what is -11043224 - 21424?
-11120203
In base 11, what is 21528210 + -2?
21528209
In base 14, what is 240 - -7b23?
7d63
In base 13, what is 6c6137 + -22?
6c6115
In base 9, what is 50 + 162288?
162348
In base 10, what is -26 - -5462731?
5462705
In base 2, what is 11001001000001 - 101100111000101?
-10011110000100
In base 13, what is -3 - -41c25a?
41c257
In base 13, what is 8ba7b + -191?
8b8ba
In base 6, what is 50133 + -5015?
41114
In base 16, what is 2b2c277 - 1?
2b2c276
In base 2, what is 100 - -110001011100110000001001?
110001011100110000001101
In base 3, what is -1 - 12212102011021100?
-12212102011021101
In base 15, what is -8945026 + -3?
-8945029
In base 3, what is 100021020 + -21200?
22222120
In base 5, what is -30113031041 + 31?
-30113031010
In base 10, what is -3 - 58420422?
-58420425
In base 9, what is 4 - 538501?
-538486
In base 8, what is -653233 - -30?
-653203
In base 9, what is 2 - 374341680?
-374341677
In base 8, what is 7 + 47621773?
47622002
In base 6, what is -425 - -100250501?
100250032
In base 16, what is -6 + -4a71d5d?
-4a71d63
In base 8, what is -25017613 + 23?
-25017570
In base 2, what is -1001000 + -10001110101001111101?
-10001110101011000101
In base 4, what is -23 - -10111130102321?
10111130102232
In base 8, what is -121347 - 313?
-121662
In base 6, what is 14144 - -45312?
103500
In base 12, what is -950 + 5837?
4aa7
In base 10, what is -56463 - 69?
-56532
In base 2, what is 110 - -1000100100010110000011?
1000100100010110001001
In base 6, what is -1222002541 - 12?
-1222002553
In base 16, what is -84f24 + 130?
-84df4
In base 5, what is -42 + -33110033?
-33110130
In base 2, what is -10 - -101010111101100100011101011?
101010111101100100011101001
In base 10, what is 253362 - -2?
253364
In base 12, what is 466 - 2885?
-241b
In base 8, what is 0 + 3730423?
3730423
In base 15, what is -3a + 156d91?
156d56
In base 10, what is -12484 - -2908?
-9576
In base 13, what is -383345 - 16?
-38335b
In base 12, what is -441450 - -a2?
-44136a
In base 9, what is 54 - 1027371?
-1027316
In base 4, what is -222233001012112 + 10?
-222233001012102
In base 4, what is -2130123203 + 1212?
-2130121331
In base 10, what is 10079 + -10954?
-875
In base 9, what is -1445 + 61144?
58588
In base 4, what is -3 - -202013001213?
202013001210
In base 9, what is -5 - -471286070?
471286064
In base 8, what is -2 + 35651411?
35651407
In base 13, what is -7972b + -1?
-7972c
In base 12, what is -3784a1a + -2?
-3784a20
In base 16, what is ff7 + 11dd?
21d4
In base 16, what is -762f30 + d?
-762f23
In base 15, what is -95 - -1a1?
10b
In base 5, what is 4043044420211 - 2?
4043044420204
In base 6, what is 451044 + 1142?
452230
In base 12, what is 877 + -5149?
-4492
In base 16, what is -2f - -203f0e?
203edf
In base 8, what is 1 - 55173677?
-55173676
In base 2, what is 1010101111000001 - -1000110001?
1010110111110010
In base 9, what is 82716 + -12?
82704
In base 2, what is 1101000011000 + 101000101010?
10010001000010
In base 12, what is 3 + -8a17b403?
-8a17b400
In base 15, what is -d + 13170a?
1316ec
In base 7, what is 624522 + 30244?
655066
In base 5, what is 100004304 + 22211?
100032020
In base 8, what is 725 - 5562?
-4635
In base 10, what is 2723 + 3296?
6019
In base 12, what is 9169 + 7ab3?
15060
In base 11, what is 1a1 - -15508?
156a9
In base 9, what is 2023477 + -22?
2023455
In base 15, what is 0 - -2c11c50?
2c11c50
In base 13, what is b8b5cc8 + -2?
b8b5cc6
In base 13, what is 4 - 60919b?
-609197
In base 5, what is -203400 - 22031?
-230431
In base 11, what is -170a63 + -105?
-171068
In base 6, what is 5 + -30451341253?
-30451341244
In base 11, what is -1451612 + 11?
-1451601
In base 2, what is -10 - -1100000111001001011100010?
1100000111001001011100000
In base 3, what is -22020010020 - 222?
-22020011012
In base 9, what is -30151106 - -20?
-30151076
In base 10, what is 5879 - 195?
5684
In base 13, what is 57727 - 27c?
57478
In base 8, what is 127450 + 267?
127737
In base 13, what is 22b0 + 52725?
54a05
In base 7, what is -105 - 24401223?
-24401331
In base 16, what is 190bd - 99?
19024
In base 3, what is -102100222 - -10121120101?
10012012102
In base 4, what is -1303122 - 1121113?
-3030301
In base 9, what is 531838 - 76?
531752
In base 10, what is -477 - -65367?
64890
In base 9, what is 14156 + -555?
13501
In base 6, what is 4 - -153054303?
153054311
In base 3, what is -11122 + 10002100102221?
10002100021022
In base 13, what is cb471 + -55?
cb419
In base 13, what is -596 + -3a91?
-4357
In base 14, what is 1a80 - -238c?
402c
In base 6, what is 54454441245 - 0?
54454441245
In base 9, what is -3455507